= -4*f - 42. Calculate the greatest common divisor of r and f.
42
Let k be ((-64)/6)/((-4)/18). Let m be 0 + (-4)/7 + 52/(-637)*-1477. What is the highest common divisor of m and k?
24
Let z = -52 + 48. Let l be (1 + -5 + 1)*z/(-3). Let u be 1*(l/(-1) - 2) + 78. What is the highest common divisor of u and 32?
16
Let u = 792 + -582. Calculate the highest common factor of 140 and u.
70
Suppose 6*y + 181 = 3*d + y, 4*d = 3*y + 223. Let z = -85 + 43. Let k be ((-48)/(-14))/(z/(-1911)). What is the highest common divisor of d and k?
52
Suppose -25*v = -324 - 26. Calculate the highest common divisor of v and 2226.
14
Let i = -3 + 5. Let g(j) = 9*j + 172. Let r be g(-18). Let k be (8/r)/(i/20). Calculate the greatest common factor of 12 and k.
4
Let v = -8264 - -8306. What is the greatest common divisor of 25284 and v?
42
Let g be (11/44)/((-33)/(-24)) - (-383)/11. What is the highest common divisor of g and 287?
7
Let j(v) = v**3 - 64*v**2 + 65*v - 107. Let b be j(63). Calculate the greatest common divisor of b and 17993.
19
Let y be 131/8*-2*8/1. Let z = -259 - y. Calculate the greatest common divisor of z and 8.
1
Let n(t) = t**3 - 2*t - 4. Let k be n(3). Let a(i) = i**2 - 2*i - 1. Let u = 31 + -24. Let f be a(u). What is the highest common factor of f and k?
17
Let w be -5 + (4 - (-2)/(-1 - -3)). Suppose -4*m = 3*c - 83, -5*c + w*c = -m - 123. Let p be (-9)/2*50/(-3). What is the greatest common factor of c and p?
25
Let j(f) = 37*f**2 - 46*f + 286. Let p be j(6). Calculate the highest common factor of p and 183.
61
Let y(i) = -3*i**2 - 2*i + 46. Let h be y(9). Let q = h + 294. What is the highest common factor of 711 and q?
79
Let l be 0*(0 - -1)/1. Let u be 4/((-4)/(-2)) + 26 + -23. Suppose l = -u*c + 5, -3 = -q + 3*c - 2*c. What is the greatest common factor of 14 and q?
2
Let b = 54 - 47. Suppose 0 = 2*t - 2*d + b*d - 538, -2*d = 3*t - 796. Calculate the greatest common divisor of t and 231.
33
Let g be (-37654)/(-1124)*(10/2 - 1). What is the greatest common divisor of g and 2?
2
Let b be (-194)/(-16) - 1/8. Let l be -9*12/(-5) + b/30. Calculate the greatest common factor of 902 and l.
22
Let r be (2/(-2))/((-1)/24). Let i = -53665 - -53753. What is the greatest common factor of r and i?
8
Let z be (-16)/20*((-9)/2 - -2). Let q be -6*1*z*(-2)/3. Let j = -4 + q. What is the highest common factor of j and 10?
2
Let k(s) = -s**3 - 1. Let j(z) = -5*z**3 + 28*z**2 - 6*z - 109. Let f(x) = -j(x) + 4*k(x). Let h be f(28). What is the highest common factor of 21 and h?
21
Suppose 2*w - 28 = -p - 0*p, -2*p - 304 = -16*w. What is the highest common factor of w and 3249?
9
Let c(k) = 5*k + 12. Suppose -2 - 6 = 8*u. Let x be c(u). Let p(d) = d**2 - 4*d + 2. Let n be p(6). What is the highest common factor of x and n?
7
Let a = 15071 - 14990. What is the highest common factor of 27054 and a?
81
Let j(u) = -2*u**3 + 48*u**2 - 98*u + 227. Let f be j(22). Suppose -3*l - 2*v + 491 = 0, -2*l = 4*v - 49 - 289. What is the greatest common divisor of f and l?
7
Suppose -23948 - 3142 = -18*h. What is the greatest common divisor of h and 70?
35
Let u(d) = -8*d**3 - 397*d**2 - 19*d - 177. Let t be u(-51). What is the highest common factor of 81 and t?
81
Let b(o) = -o**3 - 2*o**2 - 2*o - 1. Let f be b(-2). Suppose -f*t + 64 = t. Let y = -637 - -813. What is the highest common factor of y and t?
16
Let z = 12769 + -12529. What is the highest common divisor of 12120 and z?
120
Suppose 8*r - 47 = -2*g + 13*r, 0 = -2*g + 2*r + 62. Calculate the highest common divisor of g and 1422.
18
Suppose 489 = -5*s + 1209. Suppose 18*l + 560 = 53*l. What is the greatest common factor of s and l?
16
Let u be 6/(-2) - 276/9*6. Let l = 223 + u. Let p(f) = -f**3 + 8*f**2 - 8*f - 6. Let d be p(6). Calculate the highest common divisor of d and l.
18
Let l be -10 - (-76)/8 - 2396/(-8). Calculate the highest common factor of 483 and l.
23
Suppose -2*h - 3 + 9 = 0. Let m be (-15)/(3 + -8) + h. Let s(t) = -t**2 + 6*t + 4. Let v be s(m). Calculate the greatest common factor of v and 10.
2
Let s = -23 + 33. Let n be (64/s)/(48/120). Calculate the greatest common divisor of 152 and n.
8
Let i(h) = -8*h - 35. Let t be i(-5). Suppose t*y = 27*y - 330. Calculate the highest common divisor of 15 and y.
15
Suppose -24 = 2*s - 3*l - 72, -4*s + l = -96. Let n(t) = t**2 - t + 4. Let x be n(8). What is the highest common factor of s and x?
12
Let i = 1808 - 445. Calculate the greatest common factor of i and 47.
47
Suppose 5*t + 5*m + 2 - 22 = 0, -3*t = -3*m - 6. Suppose -5*f = -4*a + 640, 683 = t*a - 2*f + 203. Calculate the highest common divisor of a and 32.
32
Let r be (-220)/33 + (-6)/(-9) - (1 + -13). Let a(g) = g**3 - 4*g**2 - g - 4. Let m be a(5). Calculate the greatest common factor of r and m.
2
Suppose -5*r - 16604 = -4*u, 8*u - 6*u = 4*r + 8302. Calculate the highest common factor of u and 7.
7
Let w(c) = 2*c**3 - 15*c**2 + 11*c - 26. Let d be w(7). Suppose 313 = 3*z - d*j, 4*j = 2*j + 2. Calculate the highest common divisor of z and 175.
35
Suppose 6549*u - 45264 = 6537*u. What is the greatest common factor of u and 276?
92
Suppose -s - 9*s = -80. Suppose s*x - 3*x + 130 = -5*g, -4*g + 92 = -3*x. Let w = x + 29. What is the greatest common factor of w and 8?
1
Suppose -4*t = -9 - 27. Suppose -2*q + 48 = -3*h, -27*h + 31 = -q - 31*h. Calculate the highest common factor of q and t.
9
Let a = -208 + 228. Suppose -236 - 144 = -a*x. Calculate the greatest common divisor of x and 323.
19
Suppose 14*u = -0*u - 2*u + 24208. Calculate the highest common factor of u and 17.
17
Let p be (-155 + 156)/((-1)/(-64)). Suppose 5*x + 2 = 7. Let k be (8 - 0)/(x - 0). Calculate the greatest common factor of p and k.
8
Suppose 6*l = -3*l - 84*l + 1767279. What is the highest common divisor of l and 31?
31
Suppose -97 = 7*a - 8*a + 2*w, -5*a + 4*w = -509. Calculate the highest common factor of 1505 and a.
35
Suppose -13*g + 13756 = 4968. What is the highest common divisor of 6929 and g?
169
Let z = -10064 + 10460. What is the highest common factor of 180 and z?
36
Let u(k) = 17*k**2 + 23*k + 27. Let t(q) = 6*q**2 + 7*q + 9. Let r(d) = 7*t(d) - 2*u(d). Let p be r(-2). What is the highest common factor of p and 5?
5
Suppose -w = -5*x + 660, -2*x + 51 + 205 = -2*w. Calculate the greatest common divisor of 817 and x.
19
Suppose 13*d + 14*d - 375 = 12*d. Suppose 2 + 13 = 3*s. What is the greatest common divisor of s and d?
5
Let c be 4/((-96)/(-93)) + (-8)/(-64). Suppose 0 = 4*s + 3*y - 277, -c*s - 2*y + 278 = -0*s. Calculate the highest common factor of 20 and s.
10
Let z be 792/(-55) + (-3)/((-30)/4). Suppose -57*f + 6 = -59*f. Let h be 4 - (z/(-6) + -2)*f. What is the greatest common factor of h and 1?
1
Suppose 945 = 5*g + 5*o, -g + 56*o + 207 = 54*o. What is the greatest common divisor of g and 45?
15
Let n(v) = 2*v**3 - 9*v**2 - 5*v - 7. Let j be n(7). Suppose 147*y + 145*y = 305*y - 91. What is the greatest common divisor of y and j?
7
Let v(m) = m**2 - 4*m - 5. Let z be v(5). Suppose z = -141*f + 149*f - 2160. What is the highest common factor of 378 and f?
54
Suppose 0 = -12*v + 166 + 50. Let q be (-3 + 1)/((-3)/v) + 0. Let x(r) = 2*r - 6. Let j be x(6). Calculate the greatest common factor of q and j.
6
Suppose -2*x - 616 = -2*j, 76 = -3*j + 4*x + 996. What is the greatest common factor of 247 and j?
13
Let x = 287 + -280. Suppose -5*c + 4*m = -225 - x, 170 = 4*c + 2*m. Calculate the greatest common factor of 396 and c.
44
Let c = 314 - 305. Let y be ((c/5)/(-3))/((-16)/80). Calculate the greatest common divisor of y and 141.
3
Suppose -7*w = -12*w + 15. Suppose -1065 - 1230 = -w*f. Calculate the greatest common factor of f and 45.
45
Let w(b) = b**3 - 5*b**2 - 4*b + 17. Let j be w(7). Let f be 14/(1 - (243/j)/3). Let d = f + -99. What is the highest common divisor of d and 26?
26
Let k = -771 - -773. Suppose -14*g + k*g + 360 = 0. Calculate the highest common divisor of g and 150.
30
Let l = -97 + 103. Let h be l/15 + (-403)/(-5). Calculate the highest common factor of h and 54.
27
Suppose 47200*m + 47182*m = 94359*m + 1012. Suppose 0 = 5*s + d + 11, -s - 2*d + 2 = -3. Let z = s + 25. Calculate the highest common divisor of m and z.
22
Suppose 0 = 9*n + 4*n - 182. Let l(m) = -m**2 + 18*m + 69. Let o be